
Let i = -742 - -1013. Calculate the remainder when i is divided by 8.
7
Let b be 158/8 - 5/(-20). Let y be (-888)/b - (-2)/5. Let q = y - -115. Calculate the remainder when q is divided by 24.
23
Let v(h) be the first derivative of -h**3 - h - 1/2*h**2 - 3 - 1/4*h**4. What is the remainder when v(-5) is divided by 14?
12
Let j(p) = -3*p**2 - 6*p - 2. Let h be j(3). Let k = -44 - h. Calculate the remainder when 10 is divided by k.
1
Let d(p) = p**3 + 6*p**2 + 2*p + 1. Suppose 53 + 9 = 2*o. Calculate the remainder when o is divided by d(-5).
15
Let a(z) = z**2 - 6*z - 5. Let f be a(7). Suppose 0 = j - f*j + 46. Calculate the remainder when j is divided by 25.
21
Let k be (-2)/(-5)*(0 - -5). Suppose 8 - k = -f. Calculate the remainder when 14/f*(-54)/18 is divided by 5.
2
Suppose -5*t = 3*v - t - 9, 4*t + 47 = 5*v. Let d(y) = 3*y + 8. Let j be d(-6). Calculate the remainder when v is divided by j*((-24)/(-10))/(-6).
3
Let o = -4 - 2. What is the remainder when o/(-3) - (0 - 17) is divided by 6?
1
Let z = -2 + 18. Suppose -1 = j - 6. Suppose -2*s + j*m = -141, -s = -6*s + 5*m + 330. Calculate the remainder when s is divided by z.
15
Suppose 4*z + 88 = d, 2*z + 476 = 8*d - 3*d. Suppose u + 2*m = d, -2*u - 5*m = -144 - 49. Let x = -67 + u. What is the remainder when x is divided by 10?
7
Let d = -38 - -31. Let a be 3/d - (-992)/28. Suppose 0*q - a = -5*q. What is the remainder when 26 is divided by q?
5
Let m(w) = w**3 - 7*w**2. Let j be m(7). Calculate the remainder when j*(-4)/4 - -81 is divided by 14.
11
Suppose 7*d - 1939 - 714 = 0. Calculate the remainder when d is divided by 64.
59
Let h = 89 - 22. Suppose -h = 2*x - 3*x. Calculate the remainder when x is divided by 35.
32
Calculate the remainder when 85 is divided by (8*39/(-52))/((-1)/12).
13
Suppose -168 - 72 = -6*u. Calculate the remainder when u is divided by 22.
18
Calculate the remainder when (7 - 2)*972/45 is divided by 22.
20
Suppose 2*y - 28 = 7*d - 9*d, -2*y + 37 = 5*d. Calculate the remainder when y is divided by 5/2 - 2/(-4).
2
Suppose 3*k = 7*b - 2*b - 220, 4*k = -b + 21. Calculate the remainder when b is divided by 12.
5
Suppose -k - 2*k + 18 = 0. Suppose 6*z - 2*n = 10*z - 114, 103 = 3*z + 5*n. Calculate the remainder when ((k - 3) + -2)*z is divided by 9.
8
Let s be (7 + -2)*(0 - -129). Let g = 233 + s. Calculate the remainder when 10/45 + g/18 is divided by 13.
10
Calculate the remainder when 227 is divided by 2262/(-273)*(-9 + 2).
53
Let s(o) = -o**3 + 10*o**2 + 10*o - 22. What is the remainder when s(7) is divided by 25?
20
Calculate the remainder when (12/(48/(-5020)))/(15/(-6)) is divided by 6.
4
Let u be 16/(-6)*(-3)/4. Calculate the remainder when -39*(4/(-2))/u is divided by 10.
9
Let j be ((-2)/6)/(9/(-54)). Let w = -9 + 12. Suppose -w*y + 3*r + 24 = 0, j*y - 44 = -0*r - 5*r. Calculate the remainder when 47 is divided by y.
11
Let d be 16/(-28)*14/(-4). Let x be 14 - (-1 - (d - 1)). Let l = 19 - x. What is the remainder when 9 is divided by l?
0
What is the remainder when 56 is divided by 8 - 20/(-10)*16?
16
Let p = -142 - -150. Calculate the remainder when (-86)/(-4)*8/4 is divided by p.
3
Suppose -3*x + 62 = -727. Calculate the remainder when x is divided by 67.
62
Let n be (-2 + 6/8 - -2)*4. Suppose -2*q - 24 = -5*m, -n*m + 0*q = q - 10. What is the remainder when 9 is divided by m?
1
Suppose -2*j - 4*t + 1072 = 168, 2*t + 934 = 2*j. Calculate the remainder when j is divided by 39.
33
Let q = 349 - 203. Suppose -6*a + 52 + q = 0. What is the remainder when 64 is divided by a?
31
What is the remainder when ((-173)/(-2))/((-10 + 6)/(-16)) is divided by 70?
66
Let c(b) = b**3 - 9*b**2 + 10*b - 6. Suppose 17*o = 12*o + 225. Suppose 4*v - o = -13. What is the remainder when 49 is divided by c(v)?
9
Suppose -2*t + 4*h = -205 - 29, 4*h + 591 = 5*t. What is the remainder when t is divided by 41?
37
Let j(t) = -t**2 + 14*t + 4. Let a be j(12). Let y = 32 - a. Suppose -105 = y*d - 9*d. Calculate the remainder when 103 is divided by d.
19
Suppose 3*a - 18 = 4*t, -5*a + 5*t + 36 = 6. Suppose -p = -4*x + x + a, -5*p = -3*x - 18. Let u = 22 - -1. Calculate the remainder when u is divided by p.
5
Suppose 3*f - 43 - 116 = 3*h, 49 = f + h. Calculate the remainder when f is divided by 2.
1
Suppose -297 = 3252*p - 3279*p. Suppose 2*q + 86 = 4*r, -7 = -r - 5*q + 9. What is the remainder when r is divided by p?
10
Calculate the remainder when 9/(-24) - (5 - (-2467)/(-8)) is divided by 38.
37
Calculate the remainder when 278 is divided by (-12 + (-636)/(-60))*-20.
26
Let i = 9 - 5. Suppose 0 = -256*w + 251*w + 30. What is the remainder when (-10)/(-4)*(w - i) is divided by 4?
1
Suppose 10*x + 318 - 838 = 0. Let g = x - 42. Suppose 2*z + 112 = 4*c, 5*c = 2*z - z + 143. What is the remainder when c is divided by g?
9
Suppose 3*i - 4 = 2. Let l be (-3)/(-1 - -4)*(0 + 0). Suppose -x = -4*d + i*x + 158, l = 4*d - x - 162. What is the remainder when d is divided by 14?
13
Let d(c) = c**3 - 13*c**2 - 15*c + 16. Let b(s) = 13*s**2 + 1. Let w be b(1). Calculate the remainder when 54/15 - (-2)/5 is divided by d(w).
0
Let b = 4 - -30. Suppose 0 = 4*c + 5 - 13. Suppose c*w + 3*w = 60. What is the remainder when b is divided by w?
10
Suppose t + 0*t - 80 = -5*g, -2*g + 188 = 3*t. Suppose 0 = y + 2*d - 28, -3*d = 2*y - 0*y - t. Calculate the remainder when 68 is divided by y.
32
Suppose -7*s + 18 = -s. Suppose -s*h + 180 = 2*h. What is the remainder when 69 is divided by h?
33
Let s be (3416/(-42))/(2/(-3)). Suppose 4*w = 2*u + s, 4*w - 6*u = -3*u + 127. Calculate the remainder when w is divided by 13 - 3/(3/(-2)).
13
Let b(z) = 8*z - z**2 - 8 + z**3 + z - 6*z**2. Let c = -57 - -84. What is the remainder when c is divided by b(6)?
7
Let x(j) = -j**3 - 12*j**2 + 2*j + 28. Let b(z) = 0 - 3 - 9*z + 0. Calculate the remainder when b(-2) is divided by x(-12).
3
Let c(q) = -102*q - 93. Calculate the remainder when c(-2) is divided by 6.
3
Suppose 70*b = 67*b + 93. Calculate the remainder when 91 is divided by b.
29
Let i(n) = 51*n**2 + n. Let w be i(1). Let o(s) = 3*s**2 + 2*s + 21. Let x be o(-5). Let j = x - w. What is the remainder when j is divided by 12?
10
Let c be 0 + -1 + -3 + 4. Suppose -n = -6 - c. Let u(o) = o**2 + 6. Calculate the remainder when u(3) is divided by n.
3
Let i = 6 + 83. Suppose -4*a = -139 - i. What is the remainder when a is divided by 20?
17
Suppose -8*b = 154 - 842. Calculate the remainder when b is divided by 10.
6
Suppose 5*h + 2*v - 693 = -6, 5*h + 5*v = 690. What is the remainder when h is divided by 14?
11
Let f(o) = 53*o - 272. What is the remainder when f(11) is divided by 81?
68
Suppose -5*o - 10 = 0, 6*q - o = 5*q + 21. What is the remainder when 175 is divided by q?
4
Let h be 2156/35 - ((-6)/(-10) + -1). Suppose -3*g + h + 46 = 0. Calculate the remainder when g is divided by 13.
10
Let g be (1 + -3)/((-4)/10). Let u be 30/12*6/g. Let k = u - -9. What is the remainder when 35 is divided by k?
11
Suppose -3045 + 271 = -19*z. What is the remainder when 321 is divided by z?
29
Let l(c) = -c**3 - 5*c**2 - 8*c + 4. Let f be l(-5). Let a = f - -17. What is the remainder when a is divided by 13?
9
Suppose -11*r - 46 = -13*r. Let g = r + 18. What is the remainder when g is divided by 21?
20
Suppose -140 = 4*y - 12. What is the remainder when 32 is divided by (12 + -1)/(-7 + y/(-4))?
10
Suppose -2*f + 12 = -3*o - 169, 4*f - 4*o - 360 = 0. Calculate the remainder when (-2)/(-4)*(f - 13) is divided by 14.
10
Calculate the remainder when 5/((-60)/8) - (-392)/3 is divided by 39.
13
Let c(s) = s**3 + 15*s**2 + 31. What is the remainder when c(-14) is divided by 29?
24
Let i = -103 + 98. Let l(q) = -21*q - 22. What is the remainder when l(i) is divided by 21?
20
Let u be (-4)/((4/(-6))/1). Let m be 10*(-2)/(0 + -2). Suppose s = m + u. What is the remainder when s is divided by 6?
4
Calculate the remainder when -2 + 0 + (8 - -11) is divided by 6.
5
Let v be (-8)/(-6)*54/12. Let a = v - 9. What is the remainder when a/((-4)/(-40)*-2) is divided by 4?
3
Suppose 4*c - 76 = 2*j, -5*c = -2*j - 0*j - 94. Suppose 172 - 676 = -12*g. What is the remainder when g is divided by 202/c + 2/(-9)?
9
Let k(v) = 8*v + 9. Suppose z - 3*p = -2*z + 81, 4*p - 99 = -5*z. What is the remainder when 